{"id":674,"date":"2021-02-01T15:03:53","date_gmt":"2021-02-01T14:03:53","guid":{"rendered":"http:\/\/www.rutiba.de\/?page_id=674"},"modified":"2021-02-01T15:03:53","modified_gmt":"2021-02-01T14:03:53","slug":"castellano-para-principiantes","status":"publish","type":"page","link":"https:\/\/www.rutiba.de\/?page_id=674","title":{"rendered":"Castellano para principiantes"},"content":{"rendered":"\n<p>Nat\u00fcrlich wissen wir alle, dass man beim Sprachenlernern viel Energie auf das \u00dcben der Vokabeln verwenden muss. Gerade bei den romanischen Sprachen sollte man auch die Verbformen nicht vergessen. Das Spanischlehrbuch hilft da ganz gut weiter &#8211; also, nicht vergessen: Die Vokabeln und Verbformen aus fr\u00fcheren Unidades solltet ihr regelm\u00e4\u00dfig wiederholen, um sie zu festigen (active retrieval)! Die Tipps sind sicher bekannt, doch macht sie euch immer wieder bewusst und druckt euch daf\u00fcr <a rel=\"noreferrer noopener\" href=\"http:\/\/www.rutiba.de\/wp-content\/uploads\/2021\/02\/Sprachlerntipps_Spanisch.pdf\" target=\"_blank\">dieses Merkblatt<\/a> aus.<\/p>\n\n\n\n<p><strong>Otra cosa es hablar y escuchar&#8230; <\/strong>um eine Sprache zu lernen, sollte man sie nat\u00fcrlich soviel wie m\u00f6glich sprechen &#8211; und immer wieder h\u00f6ren. Spanisch ist eine Weltsprache, da lohnt es sich, auf die Akzente und andere regionale Besonderheiten zu achten. H\u00f6rt bei Tom\u00e1s rein:<\/p>\n\n\n\n<figure class=\"wp-block-embed is-type-video is-provider-youtube wp-block-embed-youtube wp-embed-aspect-16-9 wp-has-aspect-ratio\"><div class=\"wp-block-embed__wrapper\">\n<span class=\"embed-youtube\" style=\"text-align:center; display: block;\"><iframe loading=\"lazy\" class=\"youtube-player\" width=\"580\" height=\"327\" src=\"https:\/\/www.youtube.com\/embed\/KMkw4G222sU?version=3&#038;rel=1&#038;showsearch=0&#038;showinfo=1&#038;iv_load_policy=1&#038;fs=1&#038;hl=de-DE&#038;autohide=2&#038;wmode=transparent\" allowfullscreen=\"true\" style=\"border:0;\" sandbox=\"allow-scripts allow-same-origin allow-popups allow-presentation allow-popups-to-escape-sandbox\"><\/iframe><\/span>\n<\/div><\/figure>\n\n\n\n<p><\/p>\n\n\n\n<h2 class=\"wp-block-heading\">Los n\u00fameros<\/h2>\n\n\n\n<p>Ein Thema, das man nicht h\u00e4ufig genug wiederholen kann, sind die Zahlen. Tom\u00e1s zeigt euch sehr sch\u00f6n die Schwierigkeiten auf.<\/p>\n\n\n\n<figure class=\"wp-block-embed is-type-video is-provider-youtube wp-block-embed-youtube wp-embed-aspect-16-9 wp-has-aspect-ratio\"><div class=\"wp-block-embed__wrapper\">\n<span class=\"embed-youtube\" style=\"text-align:center; display: block;\"><iframe loading=\"lazy\" class=\"youtube-player\" width=\"580\" height=\"327\" src=\"https:\/\/www.youtube.com\/embed\/hUrWlxZJsLo?version=3&#038;rel=1&#038;showsearch=0&#038;showinfo=1&#038;iv_load_policy=1&#038;fs=1&#038;hl=de-DE&#038;autohide=2&#038;wmode=transparent\" allowfullscreen=\"true\" style=\"border:0;\" sandbox=\"allow-scripts allow-same-origin allow-popups allow-presentation allow-popups-to-escape-sandbox\"><\/iframe><\/span>\n<\/div><\/figure>\n\n\n\n<p><\/p>\n\n\n\n<p><\/p>\n\n\n\n<p><\/p>\n\n\n\n<p>Farbadjektive sind, wie der Name schon sagt, Adjektive, die normalerweise an das Substantiv angeglichen werden m\u00fcssen. &#8222;Normalerweise?&#8220; &#8211; Nun, ja, es gibt Ausnahmen. Folgen wir Tom\u00e1s:<\/p>\n\n\n\n<figure class=\"wp-block-embed is-type-video is-provider-youtube wp-block-embed-youtube wp-embed-aspect-16-9 wp-has-aspect-ratio\"><div class=\"wp-block-embed__wrapper\">\n<span class=\"embed-youtube\" style=\"text-align:center; display: block;\"><iframe loading=\"lazy\" class=\"youtube-player\" width=\"580\" height=\"327\" src=\"https:\/\/www.youtube.com\/embed\/eT4ZbECC6Nc?version=3&#038;rel=1&#038;showsearch=0&#038;showinfo=1&#038;iv_load_policy=1&#038;fs=1&#038;hl=de-DE&#038;autohide=2&#038;wmode=transparent\" allowfullscreen=\"true\" style=\"border:0;\" sandbox=\"allow-scripts allow-same-origin allow-popups allow-presentation allow-popups-to-escape-sandbox\"><\/iframe><\/span>\n<\/div><\/figure>\n\n\n\n<p><\/p>\n\n\n\n<p><\/p>\n\n\n\n<p>Hay que ver m\u00e1s tele&#8230; \ud83d\ude09<\/p>\n\n\n\n<p>Aqu\u00ed ten\u00e9is la emisora arte en castellano:<\/p>\n\n\n\n<p><a href=\"https:\/\/www.arte.tv\/es\/\">https:\/\/www.arte.tv\/es\/<\/a><\/p>\n\n\n\n<p><\/p>\n","protected":false},"excerpt":{"rendered":"<p>Nat\u00fcrlich wissen wir alle, dass man beim Sprachenlernern viel Energie auf das \u00dcben der Vokabeln verwenden muss. Gerade bei den romanischen Sprachen sollte man auch die Verbformen nicht vergessen. Das Spanischlehrbuch hilft da ganz gut weiter &#8211; also, nicht vergessen: Die Vokabeln und Verbformen aus fr\u00fcheren Unidades solltet ihr regelm\u00e4\u00dfig wiederholen, um sie zu festigen [&hellip;]<\/p>\n","protected":false},"author":1,"featured_media":0,"parent":0,"menu_order":0,"comment_status":"closed","ping_status":"closed","template":"","meta":{"jetpack_post_was_ever_published":false,"footnotes":""},"jetpack_sharing_enabled":true,"jetpack_shortlink":"https:\/\/wp.me\/P6RdV3-aS","_links":{"self":[{"href":"https:\/\/www.rutiba.de\/index.php?rest_route=\/wp\/v2\/pages\/674"}],"collection":[{"href":"https:\/\/www.rutiba.de\/index.php?rest_route=\/wp\/v2\/pages"}],"about":[{"href":"https:\/\/www.rutiba.de\/index.php?rest_route=\/wp\/v2\/types\/page"}],"author":[{"embeddable":true,"href":"https:\/\/www.rutiba.de\/index.php?rest_route=\/wp\/v2\/users\/1"}],"replies":[{"embeddable":true,"href":"https:\/\/www.rutiba.de\/index.php?rest_route=%2Fwp%2Fv2%2Fcomments&post=674"}],"version-history":[{"count":4,"href":"https:\/\/www.rutiba.de\/index.php?rest_route=\/wp\/v2\/pages\/674\/revisions"}],"predecessor-version":[{"id":680,"href":"https:\/\/www.rutiba.de\/index.php?rest_route=\/wp\/v2\/pages\/674\/revisions\/680"}],"wp:attachment":[{"href":"https:\/\/www.rutiba.de\/index.php?rest_route=%2Fwp%2Fv2%2Fmedia&parent=674"}],"curies":[{"name":"wp","href":"https:\/\/api.w.org\/{rel}","templated":true}]}}