{"id":567,"date":"2020-03-27T11:37:50","date_gmt":"2020-03-27T10:37:50","guid":{"rendered":"http:\/\/www.rutiba.de\/?page_id=567"},"modified":"2020-03-27T11:55:41","modified_gmt":"2020-03-27T10:55:41","slug":"franzoesisch-8","status":"publish","type":"page","link":"https:\/\/www.rutiba.de\/?page_id=567","title":{"rendered":"Franz\u00f6sisch 8"},"content":{"rendered":"\n<p>Salut,<\/p>\n\n\n\n<p>je vous pr\u00e9sente ici des tr\u00e8s courtes \u00e9missions vid\u00e9o.<\/p>\n\n\n\n<p>Choisissez une personne, regardez l&#8217;\u00e9mission (en fran\u00e7ais) et racontez sa vie. <\/p>\n\n\n\n<p>Qu&#8217;est-ce que tu en penses? C&#8217;est une vie int\u00e9ressante?<\/p>\n\n\n\n<p>La vie quotidienne de <a rel=\"noreferrer noopener\" aria-label=\"Margot en Alsace. (\u00f6ffnet in neuem Tab)\" href=\"https:\/\/www.arte.tv\/fr\/videos\/094647-000-A\/portrait-d-enfant-margot-gymnaste-en-alsace\/\" target=\"_blank\">Margot en Alsace.<\/a><\/p>\n\n\n\n<p>Une journ\u00e9e de <a href=\"https:\/\/www.arte.tv\/fr\/videos\/091667-000-A\/portrait-d-enfant-richard-au-benin\/\" target=\"_blank\" rel=\"noreferrer noopener\" aria-label=\"Richard au Benin. (\u00f6ffnet in neuem Tab)\">Richard au Benin.<\/a><\/p>\n\n\n\n<p><\/p>\n","protected":false},"excerpt":{"rendered":"<p>Salut, je vous pr\u00e9sente ici des tr\u00e8s courtes \u00e9missions vid\u00e9o. Choisissez une personne, regardez l&#8217;\u00e9mission (en fran\u00e7ais) et racontez sa vie. Qu&#8217;est-ce que tu en penses? C&#8217;est une vie int\u00e9ressante? La vie quotidienne de Margot en Alsace. Une journ\u00e9e de Richard au Benin.<\/p>\n","protected":false},"author":1,"featured_media":0,"parent":6,"menu_order":6,"comment_status":"closed","ping_status":"closed","template":"","meta":{"jetpack_post_was_ever_published":false,"footnotes":""},"jetpack_sharing_enabled":true,"jetpack_shortlink":"https:\/\/wp.me\/P6RdV3-99","_links":{"self":[{"href":"https:\/\/www.rutiba.de\/index.php?rest_route=\/wp\/v2\/pages\/567"}],"collection":[{"href":"https:\/\/www.rutiba.de\/index.php?rest_route=\/wp\/v2\/pages"}],"about":[{"href":"https:\/\/www.rutiba.de\/index.php?rest_route=\/wp\/v2\/types\/page"}],"author":[{"embeddable":true,"href":"https:\/\/www.rutiba.de\/index.php?rest_route=\/wp\/v2\/users\/1"}],"replies":[{"embeddable":true,"href":"https:\/\/www.rutiba.de\/index.php?rest_route=%2Fwp%2Fv2%2Fcomments&post=567"}],"version-history":[{"count":1,"href":"https:\/\/www.rutiba.de\/index.php?rest_route=\/wp\/v2\/pages\/567\/revisions"}],"predecessor-version":[{"id":568,"href":"https:\/\/www.rutiba.de\/index.php?rest_route=\/wp\/v2\/pages\/567\/revisions\/568"}],"up":[{"embeddable":true,"href":"https:\/\/www.rutiba.de\/index.php?rest_route=\/wp\/v2\/pages\/6"}],"wp:attachment":[{"href":"https:\/\/www.rutiba.de\/index.php?rest_route=%2Fwp%2Fv2%2Fmedia&parent=567"}],"curies":[{"name":"wp","href":"https:\/\/api.w.org\/{rel}","templated":true}]}}