{"id":15,"date":"2010-03-26T00:38:43","date_gmt":"2010-03-25T23:38:43","guid":{"rendered":"http:\/\/www.rutiba.de\/?page_id=15"},"modified":"2021-02-01T15:08:22","modified_gmt":"2021-02-01T14:08:22","slug":"spanisch-2","status":"publish","type":"page","link":"https:\/\/www.rutiba.de\/?page_id=15","title":{"rendered":"Spanisch"},"content":{"rendered":"<p style=\"text-align: center;\"><a name=\"YO_NO_S\u00c9_NADA_\"><\/a>YO NO S\u00c9 NADA<\/p>\n<p style=\"text-align: center;\">Yo no s\u00e9 nada<br \/>T\u00fa no sabes nada<br \/>Ud. no sabe nada<br \/>El no sabe nada<br \/>Ellos no saben nada<br \/>Ellas no saben nada<br \/>Uds. no saben nada<br \/>Nosotros no sabemos nada<br \/>La desorientaci\u00f3n de mi generaci\u00f3n tiene su expli-<br \/>caci\u00f3n en la direcci\u00f3n de nuestra educaci\u00f3n,cuya<br \/>idealizaci\u00f3n de la acci\u00f3n, era &#8211; \u00a1sin discusi\u00f3n!-<br \/>una mistificaci\u00f3n, en contradicci\u00f3n<br \/>con nuestra propensi\u00f3n a la me-<br \/>ditaci\u00f3n, a la contemplaci\u00f3n y<br \/>a la masturbaci\u00f3n. (Gutural,<br \/>lo m\u00e1s guturalmente que<br \/>se pueda.) Creo que<br \/>creo en lo que creo<br \/>que no creo. Y creo<br \/>que no creo en lo<br \/>que creo que creo<br \/>\u00abC a n t a r d e l a s r a n as\u00bb<br \/>\u00a1Y\u00a0\u00a0\u00a0\u00a0 \u00a1Y\u00a0\u00a0\u00a0\u00a0\u00a0 \u00bfA\u00a0\u00a0\u00a0\u00a0\u00a0\u00a0 \u00bfA\u00a0\u00a0\u00a0\u00a0 \u00a1Y\u00a0\u00a0\u00a0\u00a0\u00a0\u00a0 \u00a1Y<br \/>su\u00a0\u00a0\u00a0\u00a0 ba\u00a0\u00a0\u00a0\u00a0\u00a0\u00a0 ll\u00ed\u00a0\u00a0\u00a0\u00a0\u00a0\u00a0\u00a0 ll\u00e1\u00a0\u00a0\u00a0\u00a0\u00a0 su\u00a0\u00a0\u00a0\u00a0\u00a0\u00a0 ba<br \/>bo\u00a0\u00a0\u00a0\u00a0\u00a0\u00a0 jo\u00a0\u00a0\u00a0\u00a0\u00a0\u00a0\u00a0\u00a0\u00a0 es\u00a0\u00a0\u00a0\u00a0\u00a0\u00a0\u00a0\u00a0\u00a0\u00a0 es\u00a0\u00a0\u00a0\u00a0\u00a0\u00a0\u00a0 bo\u00a0\u00a0\u00a0\u00a0\u00a0\u00a0\u00a0\u00a0 jo<br \/>las\u00a0\u00a0\u00a0\u00a0\u00a0 las\u00a0\u00a0\u00a0\u00a0\u00a0\u00a0\u00a0\u00a0\u00a0 t\u00e1?\u00a0\u00a0\u00a0\u00a0\u00a0\u00a0\u00a0\u00a0\u00a0\u00a0\u00a0 t\u00e1?\u00a0\u00a0\u00a0\u00a0\u00a0\u00a0 las\u00a0\u00a0\u00a0\u00a0\u00a0\u00a0\u00a0 las<br \/>es\u00a0\u00a0\u00a0\u00a0\u00a0\u00a0\u00a0 es\u00a0\u00a0\u00a0\u00a0\u00a0\u00a0\u00a0\u00a0\u00a0 \u00a1A\u00a0\u00a0\u00a0\u00a0\u00a0\u00a0\u00a0\u00a0\u00a0\u00a0\u00a0\u00a0\u00a0\u00a0\u00a0\u00a0 \u00a1A\u00a0\u00a0\u00a0\u00a0\u00a0\u00a0\u00a0\u00a0\u00a0\u00a0 es\u00a0\u00a0\u00a0\u00a0\u00a0\u00a0\u00a0\u00a0\u00a0 es<br \/>ca\u00a0\u00a0\u00a0\u00a0\u00a0\u00a0 ca\u00a0\u00a0\u00a0\u00a0\u00a0\u00a0\u00a0\u00a0\u00a0\u00a0\u00a0 qu\u00ed\u00a0\u00a0\u00a0\u00a0\u00a0\u00a0\u00a0\u00a0\u00a0\u00a0\u00a0\u00a0\u00a0\u00a0\u00a0\u00a0\u00a0\u00a0\u00a0 c\u00e1\u00a0\u00a0\u00a0\u00a0\u00a0\u00a0\u00a0\u00a0\u00a0\u00a0\u00a0 ca\u00a0\u00a0\u00a0\u00a0\u00a0\u00a0\u00a0\u00a0\u00a0 ca<br \/>le\u00a0\u00a0\u00a0\u00a0\u00a0\u00a0\u00a0 le\u00a0\u00a0\u00a0\u00a0\u00a0\u00a0\u00a0\u00a0\u00a0\u00a0\u00a0 no\u00a0\u00a0\u00a0\u00a0\u00a0\u00a0\u00a0\u00a0\u00a0\u00a0\u00a0\u00a0\u00a0\u00a0\u00a0\u00a0\u00a0\u00a0\u00a0\u00a0\u00a0\u00a0\u00a0\u00a0\u00a0 no\u00a0\u00a0\u00a0\u00a0\u00a0\u00a0\u00a0\u00a0\u00a0\u00a0\u00a0\u00a0 le\u00a0\u00a0\u00a0\u00a0\u00a0\u00a0\u00a0\u00a0\u00a0\u00a0 le<br \/>ras\u00a0\u00a0\u00a0\u00a0\u00a0 ras\u00a0\u00a0\u00a0\u00a0\u00a0\u00a0\u00a0\u00a0\u00a0 es\u00a0\u00a0\u00a0\u00a0\u00a0\u00a0\u00a0\u00a0\u00a0\u00a0\u00a0\u00a0\u00a0\u00a0\u00a0\u00a0\u00a0\u00a0\u00a0\u00a0\u00a0\u00a0\u00a0\u00a0\u00a0\u00a0\u00a0\u00a0\u00a0 es\u00a0\u00a0\u00a0\u00a0\u00a0\u00a0\u00a0\u00a0\u00a0\u00a0\u00a0\u00a0 ras\u00a0\u00a0\u00a0\u00a0\u00a0\u00a0\u00a0 ras<br \/>arri\u00a0\u00a0\u00a0\u00a0 aba\u00a0\u00a0\u00a0\u00a0\u00a0\u00a0\u00a0\u00a0 t\u00e1\u00a0\u00a0\u00a0\u00a0\u00a0\u00a0\u00a0\u00a0\u00a0\u00a0\u00a0\u00a0\u00a0\u00a0\u00a0\u00a0\u00a0\u00a0\u00a0\u00a0\u00a0\u00a0\u00a0\u00a0\u00a0\u00a0\u00a0\u00a0\u00a0\u00a0\u00a0\u00a0\u00a0\u00a0 t\u00e1\u00a0\u00a0\u00a0\u00a0\u00a0\u00a0\u00a0\u00a0\u00a0\u00a0\u00a0 arri\u00a0\u00a0\u00a0\u00a0\u00a0\u00a0\u00a0 aba<br \/>ba!&#8230;\u00a0\u00a0\u00a0 jo!&#8230;\u00a0\u00a0\u00a0\u00a0\u00a0\u00a0 !&#8230;\u00a0\u00a0\u00a0\u00a0\u00a0\u00a0\u00a0\u00a0\u00a0\u00a0\u00a0\u00a0\u00a0\u00a0\u00a0\u00a0\u00a0\u00a0\u00a0\u00a0\u00a0\u00a0\u00a0\u00a0\u00a0\u00a0\u00a0\u00a0\u00a0\u00a0\u00a0\u00a0\u00a0\u00a0\u00a0\u00a0\u00a0\u00a0 !&#8230;\u00a0\u00a0\u00a0\u00a0\u00a0\u00a0\u00a0\u00a0\u00a0\u00a0\u00a0 ba!&#8230;\u00a0\u00a0\u00a0\u00a0 jo!<\/p>\n<p style=\"text-align: center;\">Escribi\u00f3 el poeta argentino Oliverio Girondo.<\/p>\n<p style=\"text-align: left;\">\u00a0<\/p>\n<p style=\"text-align: left;\">\u00a0<\/p>\n<p style=\"text-align: left;\">\u00a0<\/p>\n\n\n<p><\/p>\n","protected":false},"excerpt":{"rendered":"<p>YO NO S\u00c9 NADA Yo no s\u00e9 nadaT\u00fa no sabes nadaUd. no sabe nadaEl no sabe nadaEllos no saben nadaEllas no saben nadaUds. no saben nadaNosotros no sabemos nadaLa desorientaci\u00f3n de mi generaci\u00f3n tiene su expli-caci\u00f3n en la direcci\u00f3n de nuestra educaci\u00f3n,cuyaidealizaci\u00f3n de la acci\u00f3n, era &#8211; \u00a1sin discusi\u00f3n!-una mistificaci\u00f3n, en contradicci\u00f3ncon nuestra propensi\u00f3n a [&hellip;]<\/p>\n","protected":false},"author":1,"featured_media":0,"parent":0,"menu_order":18,"comment_status":"closed","ping_status":"open","template":"","meta":{"jetpack_post_was_ever_published":false,"footnotes":""},"jetpack_sharing_enabled":true,"jetpack_shortlink":"https:\/\/wp.me\/P6RdV3-f","_links":{"self":[{"href":"https:\/\/www.rutiba.de\/index.php?rest_route=\/wp\/v2\/pages\/15"}],"collection":[{"href":"https:\/\/www.rutiba.de\/index.php?rest_route=\/wp\/v2\/pages"}],"about":[{"href":"https:\/\/www.rutiba.de\/index.php?rest_route=\/wp\/v2\/types\/page"}],"author":[{"embeddable":true,"href":"https:\/\/www.rutiba.de\/index.php?rest_route=\/wp\/v2\/users\/1"}],"replies":[{"embeddable":true,"href":"https:\/\/www.rutiba.de\/index.php?rest_route=%2Fwp%2Fv2%2Fcomments&post=15"}],"version-history":[{"count":9,"href":"https:\/\/www.rutiba.de\/index.php?rest_route=\/wp\/v2\/pages\/15\/revisions"}],"predecessor-version":[{"id":682,"href":"https:\/\/www.rutiba.de\/index.php?rest_route=\/wp\/v2\/pages\/15\/revisions\/682"}],"wp:attachment":[{"href":"https:\/\/www.rutiba.de\/index.php?rest_route=%2Fwp%2Fv2%2Fmedia&parent=15"}],"curies":[{"name":"wp","href":"https:\/\/api.w.org\/{rel}","templated":true}]}}